*q + 1359. Let a = -162 - z. List the prime factors of a.
2, 37
Suppose 0 = o - 6*o - 2*f - 155, 5*f = o + 4. Let r = o - -25. Let q(g) = -g**3 + g**2 - 6*g + 5. List the prime factors of q(r).
109
Let s(w) = 228*w**2 + 72*w - 68. What are the prime factors of s(13)?
2, 5, 197
Suppose 14*s - d = 17*s - 61035, -s + 20345 = -5*d. List the prime factors of s.
5, 13, 313
Suppose 0 = u - 8 + 5. Suppose 0 = -3*x + 6, -3*a - 3*x - u = -21. Suppose a*h = 2*o - 146, 4*o - 280 = -2*h - 2*h. What are the prime factors of o?
71
Let n be (10/30)/(3/27). Suppose 258 = 5*h + 2*w - 1235, 12 = n*w. List the prime factors of h.
3, 11
Let f(x) = 16713*x - 362. List the prime factors of f(1).
83, 197
Let z(v) = v**3 - 4*v**2 - 12*v - 8. Let w be z(6). Let d(x) = 12*x + 8. Let g be d(w). Let i = 224 + g. List the prime factors of i.
2, 17
Let y = 164166 + -71711. List the prime factors of y.
5, 11, 41
Suppose -78*d + 1227499 = 292825. List the prime factors of d.
23, 521
Let f = 1767 + 1978. What are the prime factors of f?
5, 7, 107
What are the prime factors of (-33730)/(-3)*(-315)/(-525)?
2, 3373
Let k = 12 - -33. List the prime factors of ((-1692)/k)/((-3)/(-15))*-2.
2, 47
Let d(q) = 20*q**2 - 23*q + 246. What are the prime factors of d(18)?
2, 3, 263
Let m(g) = 98*g**2 - 15*g + 231. What are the prime factors of m(5)?
2, 1303
Suppose 5*q = 6*q - 188. Suppose 0 = z - 145 - q. Suppose -10*t + 13*t - z = 0. List the prime factors of t.
3, 37
Suppose 2*d - 898 = -4*p, 5*p - 1787 = -4*d - 0*p. Suppose 0 = 895*a - 930*a + 22820. Let c = a - d. What are the prime factors of c?
11, 19
Let v = -7158 + 11756. Suppose 4*a - 13*r = -11*r + v, 5*r = -5*a + 5725. What are the prime factors of a?
2, 7, 41
Suppose 2*m + 26 = -2*i, -13 + 8 = 5*i. What are the prime factors of 2 - (-394)/1 - m/(-2)?
2, 3, 5, 13
Let j be ((18/(-6))/(-12))/(1/92). Let i = -21 + j. Suppose 3*z = 3*c + 225, 0 = z - i*c - 123 + 46. List the prime factors of z.
73
Suppose -5*p + 12577 = -5*d + 5097, -3*p - 4500 = 3*d. Let j = -843 - d. What are the prime factors of j?
5, 131
Suppose 3627890 - 15777140 = -291*r. List the prime factors of r.
2, 5, 167
Suppose -4*z - 2*z + 150 = 0. Let q = 530 - z. What are the prime factors of q?
5, 101
Let l be (-20)/30 + 314456/12. Suppose -27*w + l = -11974. List the prime factors of w.
2, 7, 101
Suppose 8042 - 14364 - 11678 = -6*v. List the prime factors of v.
2, 3, 5
Let g(p) = -2*p - 9. Let s be g(-7). Suppose 0 = 2*i - s*i - 1620. What are the prime factors of (-4)/8 + i/(-8)?
67
Let v(h) = -4*h - 9. Let o be v(-3). Suppose -3*k + 562 = -q, 0 = -o*q - 0*q + 6. Suppose -l = 2*m - k, -4*l - 194 = 3*m - 486. List the prime factors of m.
2, 23
Let y(q) be the second derivative of 5*q**4/4 + 29*q**3 - 2*q**2 - 210*q. What are the prime factors of y(5)?
17, 73
Suppose -6374*q + 6429*q - 1879680 = 0. What are the prime factors of q?
2, 3, 89
Suppose -5*p = 5*n - 20, -3*n + p = -3*p + 9. Let i be (-5 - -3 - n) + 4. List the prime factors of 10931/68 + 3*i/(-4).
2, 5
Suppose p + d - 3*d = 8911, 2*p - 3*d - 17825 = 0. List the prime factors of p.
37, 241
Suppose -4*q - 3 = -3*q + g, -q + 3 = -g. Suppose 0 = 4*a - q*a - 636. Suppose 129 = 8*f - a. What are the prime factors of f?
2, 3
Suppose 2*h = -13*h + 90. What are the prime factors of (5907/(-22))/((-1)/h)?
3, 179
Let d be (56/21)/(0 - 4/6). Let h be -29*(-476)/30 + d/30. Let x = -262 + h. List the prime factors of x.
2, 3, 11
Let a = 446 - 453. What are the prime factors of ((-2)/(4/(-10)))/(a/(-840))?
2, 3, 5
Let v = -48 + 757. Let o = v + -277. What are the prime factors of o?
2, 3
Let b = -3371 + 6765. Suppose -3*s + 5*p + b = 7*p, 2*s + 4*p = 2260. List the prime factors of s.
2, 283
Suppose 3*x + 4*a = 139190, 10*x - 9*x - 46401 = 3*a. Suppose -9*i - x = -42*i. What are the prime factors of i?
2, 19, 37
Suppose 3*m = -3*z + 570, 564 = 3*m - 4*z + 5*z. Let w = m - -160. What are the prime factors of w?
347
Let t(w) = 416*w**2 + 31*w - 106. List the prime factors of t(3).
7, 13, 41
Let l be (-1180)/(-30)*((-30)/(-4))/5. Let x = l + -51. What are the prime factors of (x/(-12))/((-1)/24)?
2
Suppose 3613 = 3*a - 2*m - 2967, -8765 = -4*a + m. Suppose -2*b + 4*b = a. Suppose 0 = -4*o + 8*o + 2*x - 1110, -4*o = -3*x - b. List the prime factors of o.
2, 3, 23
Suppose 0*a + 5*a + 35 = 0. Let q be 90 - (-8)/(3 + a). Suppose 0 = 6*p - q - 128. List the prime factors of p.
2, 3
Suppose x + 6*v + 8 = 4*v, 5*x - v - 15 = 0. Suppose j + g = 3*g + 15, x = -g. Suppose j*b - 8*b = 654. List the prime factors of b.
2, 109
Let t be (1 + 1)/(4/(-2)). Let l(s) = 55*s + 4. Let j(n) = -104*n - 9. Let k(q) = -2*j(q) - 5*l(q). What are the prime factors of k(t)?
5, 13
Let b(x) = 27*x + 23. Let r be b(21). Let s = r - 442. What are the prime factors of s?
2, 37
Let a = 66 + -53. Suppose -a*w + 7481 = -10862. What are the prime factors of w?
17, 83
List the prime factors of ((-5)/((-270)/(-1656)))/((-6)/459).
2, 3, 17, 23
Suppose -5*a - 2*h + 3 = 0, 7*a = 3*a - h. Let c(b) = 329*b**2 - 3*b - 4. What are the prime factors of c(a)?
2, 41
List the prime factors of 248/1612 - (-340286)/13.
2, 409
Suppose -20*o = u - 19*o - 10011, -3*o + 20026 = 2*u. What are the prime factors of u?
10007
Let c(d) be the third derivative of 27*d**4/4 - 52*d**3/3 - 4*d**2 + 18. What are the prime factors of c(3)?
2, 191
Suppose 90150 = 35*o - 174485. List the prime factors of o.
7561
List the prime factors of (-124759)/(-21) - (2369/483 + -5).
13, 457
Let v(r) be the second derivative of 15*r**3 - 37*r**2/2 + 4*r + 3. What are the prime factors of v(5)?
7, 59
Let s = 39 + -35. Suppose s*y = 6*y. Suppose -5*m - 3*d + 109 = y, -3*d = 3*m + 2*d - 75. What are the prime factors of m?
2, 5
Suppose -y - 10 = -7, 4*h - 14985 = 3*y. List the prime factors of h.
2, 3, 13
Let b(g) = -51*g - 7. Let z be b(-1). What are the prime factors of 4/22 + (54888/z)/3?
2, 13
Let r = 1476 - 918. Suppose 5*l + x = 1282, 4*x + r + 739 = 5*l. Let b = l - 164. What are the prime factors of b?
3, 31
Let b = 774 - 770. Suppose 3*v + 3523 = b*p - 670, 5*v - 1077 = -p. List the prime factors of p.
2, 263
Let u = -254 + 254. Suppose -4 = -g, u = -3*s - g + 2998 - 765. List the prime factors of s.
743
Suppose -4*n = -5*t - 49, -5*t + 2*n = -3*n + 50. Let s = -5 - t. Suppose v + 4 = 0, s*p - 3*p = 2*v + 15. What are the prime factors of p?
7
Let d(r) = -95*r + 231. Let w be d(10). Let t = w + 1351. List the prime factors of t.
2, 79
Suppose -14*i + 397207 = -171151. List the prime factors of i.
40597
Let m(d) = -13*d + 45. Let x be 1 + 1 - (-14 - -10). Let k be m(x). Let c = 53 - k. What are the prime factors of c?
2, 43
Let d be 1108/12 + -7 + 1/(-3). Let q = 118 - d. What are the prime factors of q?
3, 11
Let r(m) be the second derivative of -13/6*m**3 - 1/2*m**2 - 16*m + 0. List the prime factors of r(-5).
2
Let z(d) = -103*d + 58. Let k(c) = -208*c + 118. Let y(l) = 3*k(l) - 7*z(l). What are the prime factors of y(4)?
2, 3, 7
Suppose -4 + 19 = 3*b. Suppose 0 = b*w + 1 + 14. List the prime factors of (6/5)/(w/(-90)).
2, 3
Suppose 1110*z - 1260*z = -3847650. What are the prime factors of z?
113, 227
Suppose -l - 171 = 2*l. Let c(y) = -y**3 - 3*y**2 - 22*y - 37. Let w be c(-4). Let j = w + l. List the prime factors of j.
2, 5
List the prime factors of 5/((-75)/(-6))*(-3 + 117246/12).
3907
Let u(i) = 2*i**3 + 38*i**2 - 6*i + 11. List the prime factors of u(11).
5, 11, 131
Suppose 363203 + 1089421 = 37*h + 142565. What are the prime factors of h?
35407
Let l = -2991 + 5487. List the prime factors of l.
2, 3, 13
Let x be 10/4 - (-2)/(-4). Let r(u) = u**3 - 2*u**2 + 3*u - 2. Let m be r(x). Suppose 0 = 2*k + j + j - 156, -m*k = -3*j - 291. What are the prime factors of k?
3, 5
Suppose -224 = -x - 222. Suppose -2*l + 76 = 5*w, 0 = 22*w - 24*w - x*l + 34. What are the prime factors of w?
2, 7
Let m(l) = -2*l + 3. Let s be m(4). Let c be (s - 0)*6/(-10). List the prime factors of (12 - 5)/(-2 + c).
7
Let d be 2/(-7) + (-16)/(-56). Let i be (-2)/(-3) + 1821/9. Suppose d = 4*a - i - 97. What are the prime factors of a?
3, 5
Suppose -4*r - 4*m + 7*m = -24, -r - 3*m - 9 = 0. Suppose -r*b = 15*b - 16290. List the prime factors of b.
5, 181
Let j(k) = -3*k - 357. Let a be j(0). Let m = a + 558. Let y =